se 0 = 4*w - 14 + 6. Suppose -w*t + 70 = -0*t. Calculate the remainder when t is divided by 19.
16
Suppose 4*x = 3*x + 39. What is the remainder when x is divided by 14?
11
Let i(h) = h**2 - 2*h + 2. Calculate the remainder when (31 - (2 + -4)) + 0 is divided by i(5).
16
Let r be (-27)/21 + 12/42. Calculate the remainder when (2 - (89 + 2))/r is divided by 23.
20
Calculate the remainder when (4 - 5 - 1) + 34 is divided by 12.
8
Let u(w) = -4*w**2 + 2*w + 1. Let k be u(-1). Calculate the remainder when 9 is divided by k*2/4*-2.
4
Let n = -28 + 45. What is the remainder when 64 is divided by n?
13
Suppose 0 = -4*t - 0*t + 60. Suppose -j = -5*o - 0*o + 20, 0 = 3*j. Calculate the remainder when t is divided by o.
3
Let l = -14 - -41. Suppose -4*y + 15 = -3*w + 4*w, 2*w = -3*y + 20. What is the remainder when l is divided by w?
6
Let n(m) = 2*m + 4*m + 2 - 2*m + 6*m. Calculate the remainder when 43 is divided by n(2).
21
Let f(v) = -3*v - 3. Let m = -5 + 7. Suppose 5*p + 18 = -x, -m*p + 6 = -3*p - x. Calculate the remainder when f(p) is divided by 3.
0
Suppose -4*b + 148 = -4*t, 4*b - t + 4*t = 148. Calculate the remainder when b is divided by 19.
18
Let z be 45/10 - (-2)/4. Suppose -4*x + 69 = -183. Suppose -z*j + x = -7. Calculate the remainder when 54 is divided by j.
12
Let x(h) = 3*h**2 - h. Let z be x(-1). Let p = 5 - z. What is the remainder when 29 is divided by 0/p + (2 - -8)?
9
Let j = 14 - 5. Calculate the remainder when 34 + -2 + (-6)/(-3) is divided by j.
7
Suppose u + 4*h = 31, -5*h + 30 = 4*u - 3*u. Let f(y) = -y**3 - 12*y**2 - 22*y - 1. Calculate the remainder when u is divided by f(-10).
16
Let o = 44 + -41. Calculate the remainder when 11 is divided by o.
2
What is the remainder when 154 + 0 + (-1 - 0) is divided by 39?
36
Suppose 141 = n + 5*g, 0 = -0*n - 2*n - 2*g + 258. Let v = -52 + 84. Calculate the remainder when n is divided by v.
30
Suppose 4 + 51 = 5*l. What is the remainder when 19 is divided by l?
8
Let g(s) = 4*s + 7. Let r be g(7). Suppose 4*q + x = r, 3*x + 3 - 12 = 0. Calculate the remainder when (-1)/(-2) - 58/(-4) is divided by q.
7
Let z(k) = -k**3 - 2*k**2 - k + 1. Let l be z(-3). Suppose -2*p - 7 = -f, 0*f + f + 4*p = l. Calculate the remainder when f is divided by 5.
4
Suppose -2*l + 9 = 5. What is the remainder when 6*(11/l + 1) is divided by ((-2)/5)/(5/(-125))?
9
Let b(n) = -7*n - 2. Calculate the remainder when b(-11) is divided by 19.
18
Let m be (-1)/((-11)/(-6) - 2). Let p be (-1)/3 + 2/m. Suppose -2*f + 5*f - 3 = p. Calculate the remainder when 2 is divided by f.
0
Let s(h) be the first derivative of -h**3/3 - 9*h**2/2 - 2*h + 1. Suppose -x - 9 = t, 2*t + x - 3*x = -2. Calculate the remainder when s(t) is divided by 10.
8
Let u be ((-6)/(-5))/(2/5). Suppose -3*v = -6 - u. What is the remainder when 5 is divided by v?
2
Let w = -10 + 15. Suppose 5*l - 19 = -2*c, -5*c - 2*l + 4*l = -62. What is the remainder when c is divided by w?
2
Let d be 2/6 + (-1332)/27. Let x = -34 - d. What is the remainder when 87 is divided by x?
12
Suppose 4*w + m - 4 = 35, 2*w - 3*m - 9 = 0. Suppose 4*p = 2*k + 2*k + 116, 3*p = -2*k + 107. What is the remainder when p is divided by w?
6
Suppose 108 = -0*g + g. Calculate the remainder when 0 + g/((-9)/(-3)) is divided by 13.
10
Suppose -3*b - 20 = -4*b. Suppose 6*x - 8 = 4*x - y, -5*x + b = -y. Calculate the remainder when x is divided by 2.
0
Let x be 1 - (-1)/(2/8). Suppose -16 = -x*l - 4*k + 16, 2*l - 20 = -4*k. Suppose n - 30 + l = 0. Calculate the remainder when n is divided by 14.
12
Let b be (1 - -23)*3/6. Suppose -3*l = -3 - b. Calculate the remainder when 5 is divided by l/(-15) - (-20)/6.
2
Let v(r) be the first derivative of r**4/4 + r**3 - r**2 - r - 1. Calculate the remainder when 0 + 3/2*6 is divided by v(-3).
4
What is the remainder when 101 is divided by 0 + 4 + -8*(-4)/8?
5
Let d(r) be the third derivative of r**5/20 - r**4/12 + r**3/6 + 2*r**2. Let g = -36 + 62. What is the remainder when g is divided by d(2)?
8
Let y = -3 - -113. Calculate the remainder when y is divided by 37.
36
Suppose -5*i = -5*q + 75 + 80, 2*q = 5*i + 74. Calculate the remainder when q is divided by 10.
7
Suppose 28 + 396 = 8*n. What is the remainder when n is divided by 15?
8
Suppose 294 = 3*p - 3. What is the remainder when p is divided by 25?
24
Suppose 0*v = -5*v + 15. Suppose 3*k - 6 = 5*k + o, o = k + 9. Let i = 0 - k. Calculate the remainder when i is divided by v.
2
Let a be (-2)/5 - (-1854)/(-90). Calculate the remainder when 62 is divided by (7/a)/((-1)/96).
30
Let b = 7 - 4. Let d(o) = -o**2 - 7 + 2*o + 3 + 6*o. What is the remainder when d(6) is divided by b?
2
Let f = -97 - -137. Suppose 252 = 5*a + 4*h, -2*a + 74 + f = -5*h. What is the remainder when a is divided by 18?
16
Suppose 3*k = 24 + 18. What is the remainder when k is divided by ((-15)/12)/((-4)/16)?
4
Suppose -8*j = -13*j + 685. Calculate the remainder when j is divided by 35.
32
What is the remainder when 103 is divided by ((-2)/(-10))/(-1) + 704/20?
33
Suppose 66 = 4*d - 270. Let b = d - 52. Calculate the remainder when b is divided by 11.
10
Let w = -22 + 35. Suppose 0 = -0*y + y. Suppose y = 2*q - q - 37. Calculate the remainder when q is divided by w.
11
Suppose -q + 6 + 4 = 0. What is the remainder when 37 is divided by q?
7
Let l(f) = f**3 + 14*f**2 + f + 16. Let b = 19 - 12. What is the remainder when b is divided by l(-14)?
1
Suppose 4*v - 30 = v. What is the remainder when 37 is divided by v?
7
Suppose 3*d + 6 = 6*d. Suppose 4*t - d = 10. Calculate the remainder when 3 is divided by t.
0
Let d(q) = -q**3 + 6*q**2 - 8*q + 3. Calculate the remainder when 5 is divided by d(4).
2
Suppose 0 = 4*i - w - 4 - 24, 5*w + 44 = 4*i. Let j(k) = -k + 3. Let t be j(-6). Let u = 7 + t. Calculate the remainder when u is divided by i.
4
Let x(v) = -3*v + 0*v - 1 + 2*v - 2*v. Calculate the remainder when 44 is divided by x(-8).
21
Let g(h) = h**3 + 3*h**2 + h - 1. Let a be g(-2). Calculate the remainder when 62 is divided by (8/(-6))/(a/(-12)).
14
Let y(k) = -k**3 - 3*k**2 + 4*k + 4. Let a be y(-4). Suppose 32 = a*n - 84. Calculate the remainder when n is divided by 10.
9
Suppose 4*n + 7 - 3 = 0, 2 = -k - 5*n. Suppose k*b - b - 18 = 0. What is the remainder when 16 is divided by b?
7
Suppose -4*i + 236 = 5*d, 5*i + 4*d - 39 - 247 = 0. Suppose -3*z - 5*c - i + 143 = 0, -4*c - 134 = -3*z. What is the remainder when z is divided by 8?
6
Let z be (-4)/(-14) + 69/(-21). Suppose 4*a - 4*m = 43 - 7, -2*m + 18 = 4*a. What is the remainder when 2/6 + (-47)/z is divided by a?
4
Suppose -2*j = -b - 21, -5*b = -5*j - b + 45. Calculate the remainder when 25 is divided by j.
12
Suppose -2*h - 30 = -6. Let f = 16 - h. Calculate the remainder when f is divided by 6.
4
Let p = 16 - 46. Let c = p - -55. Let i = -5 - -18. What is the remainder when c is divided by i?
12
Suppose -p - 3*h = 0, -3*h = -2*p - h. Let i = 2 - -9. Calculate the remainder when i is divided by 3 + 1 + p/(-1).
3
What is the remainder when 850/(-25)*(-1)/2 is divided by 7?
3
Suppose 9*q = 6*q + 84. What is the remainder when q is divided by 10?
8
Suppose -5*c = 85 - 20. Calculate the remainder when 11 is divided by c/(-2) + (-5)/10.
5
Let k(x) = 4*x**2 - 2*x. What is the remainder when k(-2) is divided by 11?
9
Let t(g) = -g**2 + 9*g - 14. What is the remainder when 21 is divided by t(4)?
3
Suppose -29 = -3*a + 133. Suppose 0 = -4*c + 5*g + 114, -c + 4*g + a = c. What is the remainder when c is divided by 17?
14
Let k(a) = 2*a - 24. Calculate the remainder when 28 is divided by k(17).
8
Suppose -2*p + 5*b + 32 = 0, 5*p - 2*b = 79 - 20. What is the remainder when 129/(-3)*(-1 - 0) is divided by p?
10
What is the remainder when 3 + -1 + 66*4/8 is divided by 13?
9
Let w = 224 - 157. Let j = w - 15. Suppose -4*a + j = -2*a. Calculate the remainder when a is divided by 9.
8
Let i(d) = -d**3 - 4*d**2 + 2*d - 5. Let f be (-27)/5 - (-4)/10. Calculate the remainder when (45 - 0)*(-4)/(-10) is divided by i(f).
8
What is the remainder when 81 is divided by (-5 + 0)*196/(-35)?
25
Let l(g) = 12*g**2 - 2*g + 3. Let i be l(-3). Let b = -19 + 38. What is the remainder when b is divided by i/9 + (0 - 2)?
8
Suppose 8 = -b + 3*b. Let p = -1 + b. Suppose 0 = -5*t - 4*i + 112, 0*i =